git of 1262455?
2
What is the units digit of 377801?
1
What is the hundred thousands digit of 887559?
8
What is the hundred thousands digit of 1027340?
0
What is the hundred thousands digit of 8785651?
7
What is the thousands digit of 74293?
4
What is the hundreds digit of 441151?
1
What is the units digit of 107607?
7
What is the hundreds digit of 676576?
5
What is the units digit of 3357?
7
What is the ten thousands digit of 306047?
0
What is the thousands digit of 5421563?
1
What is the thousands digit of 199123?
9
What is the millions digit of 4843444?
4
What is the thousands digit of 156882?
6
What is the hundred thousands digit of 125589?
1
What is the hundred thousands digit of 644896?
6
What is the units digit of 17200023?
3
What is the thousands digit of 469088?
9
What is the hundreds digit of 151501?
5
What is the thousands digit of 24845535?
5
What is the hundred thousands digit of 111188?
1
What is the hundred thousands digit of 223396?
2
What is the tens digit of 1783812?
1
What is the millions digit of 24638600?
4
What is the ten thousands digit of 421065?
2
What is the hundred thousands digit of 225337?
2
What is the hundred thousands digit of 1338032?
3
What is the hundreds digit of 2909076?
0
What is the units digit of 661160?
0
What is the tens digit of 19978371?
7
What is the hundred thousands digit of 376278?
3
What is the hundreds digit of 865117?
1
What is the ten thousands digit of 68740?
6
What is the hundred thousands digit of 6967870?
9
What is the hundred thousands digit of 16267091?
2
What is the units digit of 146547?
7
What is the tens digit of 718591?
9
What is the units digit of 2060540?
0
What is the hundreds digit of 1004065?
0
What is the millions digit of 2259677?
2
What is the millions digit of 1439982?
1
What is the hundreds digit of 1917961?
9
What is the units digit of 1377313?
3
What is the thousands digit of 1018531?
8
What is the ten thousands digit of 1370382?
7
What is the hundreds digit of 843319?
3
What is the hundreds digit of 728814?
8
What is the units digit of 18668827?
7
What is the millions digit of 15349092?
5
What is the ten thousands digit of 311818?
1
What is the units digit of 9179697?
7
What is the units digit of 932625?
5
What is the hundred thousands digit of 1837315?
8
What is the hundred thousands digit of 559587?
5
What is the tens digit of 227467?
6
What is the units digit of 1468741?
1
What is the ten thousands digit of 2334146?
3
What is the ten thousands digit of 307287?
0
What is the tens digit of 28711606?
0
What is the tens digit of 576981?
8
What is the units digit of 3344924?
4
What is the hundred thousands digit of 258057?
2
What is the units digit of 2498373?
3
What is the ten thousands digit of 1850609?
5
What is the millions digit of 5446128?
5
What is the ten thousands digit of 537904?
3
What is the thousands digit of 87227?
7
What is the units digit of 192303?
3
What is the millions digit of 28321061?
8
What is the thousands digit of 338359?
8
What is the ten thousands digit of 38574?
3
What is the units digit of 536194?
4
What is the hundred thousands digit of 3465297?
4
What is the units digit of 652244?
4
What is the units digit of 358083?
3
What is the ten thousands digit of 99463?
9
What is the tens digit of 11168791?
9
What is the units digit of 3895367?
7
What is the hundred thousands digit of 790079?
7
What is the units digit of 184466?
6
What is the ten thousands digit of 299586?
9
What is the ten thousands digit of 77462?
7
What is the tens digit of 509529?
2
What is the hundred thousands digit of 14805685?
8
What is the tens digit of 155699?
9
What is the units digit of 74891?
1
What is the millions digit of 1159083?
1
What is the tens digit of 1070639?
3
What is the tens digit of 181429?
2
What is the hundreds digit of 8278335?
3
What is the thousands digit of 189689?
9
What is the hundreds digit of 51575?
5
What is the units digit of 6051444?
4
What is the ten thousands digit of 358783?
5
What is the hundreds digit of 355675?
6
What is the thousands digit of 2601947?
1
What is the thousands digit of 3501436?
1
What is the units digit of 182498?
8
What is the thousands digit of 2319407?
9
What is the units digit of 598262?
2
What is the tens digit of 94872?
7
What is the ten thousands digit of 70867?
7
What is the tens digit of 11410801?
0
What is the ten thousands digit of 196314?
9
What is the hundred thousands digit of 450295?
4
What is the ten thousands digit of 15237704?
3
What is the thousands digit of 416042?
6
What is the ten millions digit of 12449814?
1
What is the thousands digit of 19251900?
1
What is the units digit of 3220788?
8
What is the units digit of 958172?
2
What is the tens digit of 3383887?
8
What is the ten thousands digit of 129950?
2
What is the ten thousands digit of 129829?
2
What is the ten thousands digit of 836109?
3
What is the millions digit of 7582883?
7
What is the hundred thousands digit of 6652077?
6
What is the hundreds digit of 3048?
0
What is the tens digit of 119475?
7
What is the hundreds digit of 257642?
6
What is the tens digit of 176696?
9
What is the tens digit of 170349?
4
What is the units digit of 9358188?
8
What is the units digit of 1165493?
3
What is the hundred thousands digit of 948038?
9
What is the ten millions digit of 31143135?
3
What is the tens digit of 14473594?
9
What is the thousands digit of 869733?
9
What is the ten thousands digit of 428738?
2
What is the tens digit of 225732?
3
What is the thousands digit of 289727?
9
What is the hundred thousands digit of 922180?
9
What is the ten thousands digit of 189655?
8
What is the hundreds digit of 346985?
9
What is the units digit of 46013?
3
What is the thousands digit of 2477905?
7
What is the thousands digit of 707476?
7
What is the thousands digit of 266699?
6
What is the units digit of 764071?
1
What is the units digit of 13789007?
7
What is the ten thousands digit of 250882?
5
What is the ten thousands digit of 397570?
9
What is the hundreds digit of 1628430?
4
What is the ten millions digit of 14842332?
1
What is the ten thousands digit of 3723084?
2
What is the ten thousands digit of 1563949?
6
What is the units digit of 2105253?
3
What is the ten thousands digit of 3092094?
9
What is the ten thousands digit of 545646?
4
What is the millions digit of 2836580?
2
What is the hundreds digit of 465866?
8
What is the hundred thousands digit of 1047662?
0
What is the units digit of 241051?
1
What is the units digit of 314389?
9
What is the hundreds digit of 3076079?
0
What is the hundreds digit of 388703?
7
What is the millions digit of 1969644?
1
What is the tens digit of 218746?
4
What is the ten thousands digit of 381418?
8
What is the thousands digit of 1874?
1
What is the hundreds digit of 15348703?
7
What is the thousands digit of 1586404?
6
What is the hundred thousands digit of 555143?
5
What is the hundreds digit of 1072409?
4
What is the tens digit of 93535?
3
What is the thousands digit of 2431082?
1
What is the hundreds digit of 14226784?
7
What is the hundreds digit of 1673477?
4
What is the hundred thousands digit of 5577666?
5
What is the hundreds digit of 24996?
9
What is the units digit of 783?
3
What is the hundred thousands digit of 339277?
3
What is the ten thousands digit of 3322823?
2
What is the hundreds digit of 2222650?
6
What is the ten thousands digit of 16406919?
0
What is the thousands digit of 1788508?
8
What is the hundred thousands digit of 6810328?
8
What is the hundreds digit of 261898?
8
What is the thousands digit of 50642?
0
What is the tens digit of 435644?
4
What is the units digit of 28127238?
8
What is the tens digit of 120773?
7
What is the ten thousands digit of 198418?
9
What is the hundreds digit of 2434824?
8
What is the thousands digit of 2873355?
3
What is the tens digit of 2041267?
6
What is the hundreds digit of 289414?
4
What is the thousands digit of 197716?
7
What is the units digit of 311674?
4
What is the ten thousands digit of 673934?
7
What is the tens digit of 98713?
1
What is the hundred thousands digit of 138817?
1
What is the hundred thousands digit of 3884373?
8
What is the thousands digit of 775011?
5
What is the tens digit of 3308407?
0
What is the ten thousands digit of 37702